{"id":719,"date":"2023-07-17T20:27:41","date_gmt":"2023-07-17T20:27:41","guid":{"rendered":"https:\/\/buli-fliesenleger.at\/?page_id=719"},"modified":"2025-10-08T11:18:02","modified_gmt":"2025-10-08T11:18:02","slug":"leistungen","status":"publish","type":"page","link":"https:\/\/buli-fliesenleger.at\/index.php\/leistungen\/","title":{"rendered":"Leistungen"},"content":{"rendered":"\t\t<div data-elementor-type=\"wp-page\" data-elementor-id=\"719\" class=\"elementor elementor-719\" data-elementor-post-type=\"page\">\n\t\t\t\t\t\t<section class=\"elementor-section elementor-top-section elementor-element elementor-element-25bd4df7 elementor-section-content-middle elementor-section-boxed elementor-section-height-default elementor-section-height-default\" data-id=\"25bd4df7\" data-element_type=\"section\" data-settings=\"{&quot;background_background&quot;:&quot;classic&quot;}\">\n\t\t\t\t\t\t\t<div class=\"elementor-background-overlay\"><\/div>\n\t\t\t\t\t\t\t<div class=\"elementor-container elementor-column-gap-default\">\n\t\t\t\t\t<div class=\"elementor-column elementor-col-50 elementor-top-column elementor-element elementor-element-237b612c\" data-id=\"237b612c\" data-element_type=\"column\">\n\t\t\t<div class=\"elementor-widget-wrap elementor-element-populated\">\n\t\t\t\t\t\t<div class=\"elementor-element elementor-element-3cc7588 elementor-widget elementor-widget-heading\" data-id=\"3cc7588\" data-element_type=\"widget\" data-widget_type=\"heading.default\">\n\t\t\t\t<div class=\"elementor-widget-container\">\n\t\t\t\t\t<h3 class=\"elementor-heading-title elementor-size-default\">Leistungen<\/h3>\t\t\t\t<\/div>\n\t\t\t\t<\/div>\n\t\t\t\t\t<\/div>\n\t\t<\/div>\n\t\t\t\t<div class=\"elementor-column elementor-col-50 elementor-top-column elementor-element elementor-element-4c15c5be\" data-id=\"4c15c5be\" data-element_type=\"column\">\n\t\t\t<div class=\"elementor-widget-wrap elementor-element-populated\">\n\t\t\t\t\t\t<div class=\"elementor-element elementor-element-13b0ccee elementor-icon-list--layout-inline elementor-align-right elementor-mobile-align-center elementor-list-item-link-full_width elementor-widget elementor-widget-icon-list\" data-id=\"13b0ccee\" data-element_type=\"widget\" data-widget_type=\"icon-list.default\">\n\t\t\t\t<div class=\"elementor-widget-container\">\n\t\t\t\t\t\t\t<ul class=\"elementor-icon-list-items elementor-inline-items\">\n\t\t\t\t\t\t\t<li class=\"elementor-icon-list-item elementor-inline-item\">\n\t\t\t\t\t\t\t\t\t\t\t<a href=\"https:\/\/buli-fliesenleger.at\/\">\n\n\t\t\t\t\t\t\t\t\t\t\t<span class=\"elementor-icon-list-text\">Startseite<\/span>\n\t\t\t\t\t\t\t\t\t\t\t<\/a>\n\t\t\t\t\t\t\t\t\t<\/li>\n\t\t\t\t\t\t\t\t<li class=\"elementor-icon-list-item elementor-inline-item\">\n\t\t\t\t\t\t\t\t\t\t\t<span class=\"elementor-icon-list-icon\">\n\t\t\t\t\t\t\t<i aria-hidden=\"true\" class=\"fas fa-angle-right\"><\/i>\t\t\t\t\t\t<\/span>\n\t\t\t\t\t\t\t\t\t\t<span class=\"elementor-icon-list-text\">Leistungen<\/span>\n\t\t\t\t\t\t\t\t\t<\/li>\n\t\t\t\t\t\t<\/ul>\n\t\t\t\t\t\t<\/div>\n\t\t\t\t<\/div>\n\t\t\t\t\t<\/div>\n\t\t<\/div>\n\t\t\t\t\t<\/div>\n\t\t<\/section>\n\t\t\t\t<section class=\"elementor-section elementor-top-section elementor-element elementor-element-43bc71b4 elementor-section-content-middle elementor-section-boxed elementor-section-height-default elementor-section-height-default\" data-id=\"43bc71b4\" data-element_type=\"section\" data-settings=\"{&quot;background_background&quot;:&quot;classic&quot;}\">\n\t\t\t\t\t\t\t<div class=\"elementor-background-overlay\"><\/div>\n\t\t\t\t\t\t\t<div class=\"elementor-container elementor-column-gap-default\">\n\t\t\t\t\t<div class=\"elementor-column elementor-col-100 elementor-top-column elementor-element elementor-element-6e3ef6e4\" data-id=\"6e3ef6e4\" data-element_type=\"column\">\n\t\t\t<div class=\"elementor-widget-wrap elementor-element-populated\">\n\t\t\t\t\t\t<div class=\"elementor-element elementor-element-6c51b395 elementor-widget elementor-widget-heading\" data-id=\"6c51b395\" data-element_type=\"widget\" data-widget_type=\"heading.default\">\n\t\t\t\t<div class=\"elementor-widget-container\">\n\t\t\t\t\t<h2 class=\"elementor-heading-title elementor-size-default\">Unsere Leistungen:<\/h2>\t\t\t\t<\/div>\n\t\t\t\t<\/div>\n\t\t\t\t<div class=\"elementor-element elementor-element-518e4e11 elementor-widget elementor-widget-text-editor\" data-id=\"518e4e11\" data-element_type=\"widget\" data-widget_type=\"text-editor.default\">\n\t\t\t\t<div class=\"elementor-widget-container\">\n\t\t\t\t\t\t\t\t\tSetzen Sie auf Qualit\u00e4t und Zuverl\u00e4ssigkeit \u2013 f\u00fcr Ihr Zuhause.\t\t\t\t\t\t\t\t<\/div>\n\t\t\t\t<\/div>\n\t\t\t\t<section class=\"elementor-section elementor-inner-section elementor-element elementor-element-a1c889c elementor-section-boxed elementor-section-height-default elementor-section-height-default\" data-id=\"a1c889c\" data-element_type=\"section\">\n\t\t\t\t\t\t<div class=\"elementor-container elementor-column-gap-no\">\n\t\t\t\t\t<div class=\"elementor-column elementor-col-50 elementor-inner-column elementor-element elementor-element-da5f161\" data-id=\"da5f161\" data-element_type=\"column\">\n\t\t\t<div class=\"elementor-widget-wrap elementor-element-populated\">\n\t\t\t\t\t\t<div class=\"elementor-element elementor-element-2d6eeca ekit-equal-height-enable elementor-widget elementor-widget-elementskit-image-box\" data-id=\"2d6eeca\" data-element_type=\"widget\" data-widget_type=\"elementskit-image-box.default\">\n\t\t\t\t<div class=\"elementor-widget-container\">\n\t\t\t\t\t<div class=\"ekit-wid-con\" >\n            <div class=\"elementskit-info-image-box ekit-image-box text-center simple-card\" >\n\n                \n                <div class=\"elementskit-box-header image-box-img-center\">\n\n                    <img decoding=\"async\" src=\"https:\/\/buli-fliesenleger.at\/wp-content\/uploads\/elementor\/thumbs\/pexels-pu-ca-adryan-163345030-29504874-scaled-rcvdn39vitkh8xpc4vs6g20ptroorp1fe1pt227ago.jpg\" title=\"pexels-pu-ca-adryan-163345030-29504874\" alt=\"pexels-pu-ca-adryan-163345030-29504874\" loading=\"lazy\" \/>\n                <\/div>\n                \n                <div class=\"elementskit-box-body ekit-image-box-body\">\n                    <div class=\"elementskit-box-content ekit-image-box-body-inner\">\n                                                <h3 class=\"elementskit-info-box-title\">\n\n                        Fliesen\n                        \n                    <\/h3>\n                                                            <div class=\"elementskit-box-style-content\">\n                        \nWir bieten pr\u00e4zise verlegte Fliesen, die Ihrem Raum Eleganz und Langlebigkeit verleihen. Unser Team sorgt daf\u00fcr, dass jede Fl\u00e4che perfekt verarbeitet wird und h\u00f6chsten Anspr\u00fcchen.                    <\/div>\n                                    <\/div>\n\n                            <\/div>\n            <\/div>\n    <\/div>\t\t\t\t<\/div>\n\t\t\t\t<\/div>\n\t\t\t\t\t<\/div>\n\t\t<\/div>\n\t\t\t\t<div class=\"elementor-column elementor-col-50 elementor-inner-column elementor-element elementor-element-0f7969f\" data-id=\"0f7969f\" data-element_type=\"column\">\n\t\t\t<div class=\"elementor-widget-wrap elementor-element-populated\">\n\t\t\t\t\t\t<div class=\"elementor-element elementor-element-12ccca6 ekit-equal-height-enable elementor-widget elementor-widget-elementskit-image-box\" data-id=\"12ccca6\" data-element_type=\"widget\" data-widget_type=\"elementskit-image-box.default\">\n\t\t\t\t<div class=\"elementor-widget-container\">\n\t\t\t\t\t<div class=\"ekit-wid-con\" >\n            <div class=\"elementskit-info-image-box ekit-image-box text-center simple-card\" >\n\n                \n                <div class=\"elementskit-box-header image-box-img-center\">\n\n                    <img decoding=\"async\" src=\"https:\/\/buli-fliesenleger.at\/wp-content\/uploads\/elementor\/thumbs\/b-94-rcvbbyfr2brieiglky41x192exfzzf02mkjt11gss8.jpeg\" title=\"\" alt=\"\" loading=\"lazy\" \/>\n                <\/div>\n                \n                <div class=\"elementskit-box-body ekit-image-box-body\">\n                    <div class=\"elementskit-box-content ekit-image-box-body-inner\">\n                                                <h3 class=\"elementskit-info-box-title\">\n\n                        Stein\n                        \n                    <\/h3>\n                                                            <div class=\"elementskit-box-style-content\">\n                        \nMit hochwertigem Stein gestalten wir robuste und stilvolle Oberfl\u00e4chen. Jedes Projekt wird mit Liebe zum Detail ausgef\u00fchrt, um Sch\u00f6nheit und Best\u00e4ndigkeit zu vereinen.                    <\/div>\n                                    <\/div>\n\n                            <\/div>\n            <\/div>\n    <\/div>\t\t\t\t<\/div>\n\t\t\t\t<\/div>\n\t\t\t\t\t<\/div>\n\t\t<\/div>\n\t\t\t\t\t<\/div>\n\t\t<\/section>\n\t\t\t\t<section class=\"elementor-section elementor-inner-section elementor-element elementor-element-83f2913 elementor-section-boxed elementor-section-height-default elementor-section-height-default\" data-id=\"83f2913\" data-element_type=\"section\">\n\t\t\t\t\t\t<div class=\"elementor-container elementor-column-gap-no\">\n\t\t\t\t\t<div class=\"elementor-column elementor-col-50 elementor-inner-column elementor-element elementor-element-09a49b3\" data-id=\"09a49b3\" data-element_type=\"column\">\n\t\t\t<div class=\"elementor-widget-wrap elementor-element-populated\">\n\t\t\t\t\t\t<div class=\"elementor-element elementor-element-659e61d ekit-equal-height-enable elementor-widget elementor-widget-elementskit-image-box\" data-id=\"659e61d\" data-element_type=\"widget\" data-widget_type=\"elementskit-image-box.default\">\n\t\t\t\t<div class=\"elementor-widget-container\">\n\t\t\t\t\t<div class=\"ekit-wid-con\" >\n            <div class=\"elementskit-info-image-box ekit-image-box text-center simple-card\" >\n\n                \n                <div class=\"elementskit-box-header image-box-img-center\">\n\n                    <img decoding=\"async\" src=\"https:\/\/buli-fliesenleger.at\/wp-content\/uploads\/elementor\/thumbs\/b-64-rcvbajogt9u0zkibtc676e26c4e6frekflbl43k248.jpeg\" title=\"\" alt=\"\" loading=\"lazy\" \/>\n                <\/div>\n                \n                <div class=\"elementskit-box-body ekit-image-box-body\">\n                    <div class=\"elementskit-box-content ekit-image-box-body-inner\">\n                                                <h3 class=\"elementskit-info-box-title\">\n\n                        Fliesen\n                        \n                    <\/h3>\n                                                            <div class=\"elementskit-box-style-content\">\n                        \nWir bieten pr\u00e4zise verlegte Fliesen, die Ihrem Raum Eleganz und Langlebigkeit verleihen. Unser Team sorgt daf\u00fcr, dass jede Fl\u00e4che perfekt verarbeitet wird und h\u00f6chsten Anspr\u00fcchen.                    <\/div>\n                                    <\/div>\n\n                            <\/div>\n            <\/div>\n    <\/div>\t\t\t\t<\/div>\n\t\t\t\t<\/div>\n\t\t\t\t\t<\/div>\n\t\t<\/div>\n\t\t\t\t<div class=\"elementor-column elementor-col-50 elementor-inner-column elementor-element elementor-element-444b1c5\" data-id=\"444b1c5\" data-element_type=\"column\">\n\t\t\t<div class=\"elementor-widget-wrap elementor-element-populated\">\n\t\t\t\t\t\t<div class=\"elementor-element elementor-element-e4d1ed8 ekit-equal-height-enable elementor-widget elementor-widget-elementskit-image-box\" data-id=\"e4d1ed8\" data-element_type=\"widget\" data-widget_type=\"elementskit-image-box.default\">\n\t\t\t\t<div class=\"elementor-widget-container\">\n\t\t\t\t\t<div class=\"ekit-wid-con\" >\n            <div class=\"elementskit-info-image-box ekit-image-box text-center simple-card\" >\n\n                \n                <div class=\"elementskit-box-header image-box-img-center\">\n\n                    <img decoding=\"async\" src=\"https:\/\/buli-fliesenleger.at\/wp-content\/uploads\/elementor\/thumbs\/b-38-rcvb9qjgxeq4znonjhkrj3evx6dst56vzl3j8ir9h4.jpeg\" title=\"\" alt=\"\" loading=\"lazy\" \/>\n                <\/div>\n                \n                <div class=\"elementskit-box-body ekit-image-box-body\">\n                    <div class=\"elementskit-box-content ekit-image-box-body-inner\">\n                                                <h3 class=\"elementskit-info-box-title\">\n\n                        Stein\n                        \n                    <\/h3>\n                                                            <div class=\"elementskit-box-style-content\">\n                        \nMit hochwertigem Stein gestalten wir robuste und stilvolle Oberfl\u00e4chen. Jedes Projekt wird mit Liebe zum Detail ausgef\u00fchrt, um Sch\u00f6nheit und Best\u00e4ndigkeit zu vereinen.                    <\/div>\n                                    <\/div>\n\n                            <\/div>\n            <\/div>\n    <\/div>\t\t\t\t<\/div>\n\t\t\t\t<\/div>\n\t\t\t\t\t<\/div>\n\t\t<\/div>\n\t\t\t\t\t<\/div>\n\t\t<\/section>\n\t\t\t\t\t<\/div>\n\t\t<\/div>\n\t\t\t\t\t<\/div>\n\t\t<\/section>\n\t\t<div class=\"elementor-element elementor-element-3077270 e-flex e-con-boxed e-con e-parent\" data-id=\"3077270\" data-element_type=\"container\">\n\t\t\t\t\t<div class=\"e-con-inner\">\n\t\t\t\t<div class=\"elementor-element elementor-element-2cd6762 elementor-widget elementor-widget-spacer\" data-id=\"2cd6762\" data-element_type=\"widget\" data-widget_type=\"spacer.default\">\n\t\t\t\t<div class=\"elementor-widget-container\">\n\t\t\t\t\t\t\t<div class=\"elementor-spacer\">\n\t\t\t<div class=\"elementor-spacer-inner\"><\/div>\n\t\t<\/div>\n\t\t\t\t\t\t<\/div>\n\t\t\t\t<\/div>\n\t\t\t\t\t<\/div>\n\t\t\t\t<\/div>\n\t\t\t\t<section class=\"elementor-section elementor-top-section elementor-element elementor-element-3ed7c0af elementor-section-content-middle elementor-section-boxed elementor-section-height-default elementor-section-height-default\" data-id=\"3ed7c0af\" data-element_type=\"section\" data-settings=\"{&quot;background_background&quot;:&quot;classic&quot;}\">\n\t\t\t\t\t\t\t<div class=\"elementor-background-overlay\"><\/div>\n\t\t\t\t\t\t\t<div class=\"elementor-container elementor-column-gap-default\">\n\t\t\t\t\t<div class=\"elementor-column elementor-col-100 elementor-top-column elementor-element elementor-element-1a9d2206\" data-id=\"1a9d2206\" data-element_type=\"column\">\n\t\t\t<div class=\"elementor-widget-wrap elementor-element-populated\">\n\t\t\t\t\t\t<div class=\"elementor-element elementor-element-7477b508 elementor-widget elementor-widget-heading\" data-id=\"7477b508\" data-element_type=\"widget\" data-widget_type=\"heading.default\">\n\t\t\t\t<div class=\"elementor-widget-container\">\n\t\t\t\t\t<h4 class=\"elementor-heading-title elementor-size-default\">Suchen Sie professionelle Unterst\u00fctzung f\u00fcr Ihr Vorhaben?\n\n<\/h4>\t\t\t\t<\/div>\n\t\t\t\t<\/div>\n\t\t\t\t<div class=\"elementor-element elementor-element-45aa950 elementor-widget elementor-widget-heading\" data-id=\"45aa950\" data-element_type=\"widget\" data-widget_type=\"heading.default\">\n\t\t\t\t<div class=\"elementor-widget-container\">\n\t\t\t\t\t<h2 class=\"elementor-heading-title elementor-size-default\">Rufen Sie uns an oder schreiben Sie uns \u2013 wir freuen uns auf Ihr Projekt!<\/h2>\t\t\t\t<\/div>\n\t\t\t\t<\/div>\n\t\t\t\t<div class=\"elementor-element elementor-element-2d7fe148 elementor-align-center elementor-widget elementor-widget-button\" data-id=\"2d7fe148\" data-element_type=\"widget\" data-widget_type=\"button.default\">\n\t\t\t\t<div class=\"elementor-widget-container\">\n\t\t\t\t\t\t\t\t\t<div class=\"elementor-button-wrapper\">\n\t\t\t\t\t<a class=\"elementor-button elementor-button-link elementor-size-sm\" href=\"tel:+%2043%20676%20632%2066%2043\">\n\t\t\t\t\t\t<span class=\"elementor-button-content-wrapper\">\n\t\t\t\t\t\t<span class=\"elementor-button-icon\">\n\t\t\t\t<i aria-hidden=\"true\" class=\"fas fa-phone-alt\"><\/i>\t\t\t<\/span>\n\t\t\t\t\t\t\t\t\t<span class=\"elementor-button-text\">+ 43 676 632 66 43<\/span>\n\t\t\t\t\t<\/span>\n\t\t\t\t\t<\/a>\n\t\t\t\t<\/div>\n\t\t\t\t\t\t\t\t<\/div>\n\t\t\t\t<\/div>\n\t\t\t\t\t<\/div>\n\t\t<\/div>\n\t\t\t\t\t<\/div>\n\t\t<\/section>\n\t\t\t\t<\/div>\n\t\t","protected":false},"excerpt":{"rendered":"<p>Leistungen Startseite Leistungen Unsere Leistungen: Setzen Sie auf Qualit\u00e4t und Zuverl\u00e4ssigkeit \u2013 f\u00fcr Ihr Zuhause. Fliesen Wir bieten pr\u00e4zise verlegte Fliesen, die Ihrem Raum Eleganz und Langlebigkeit verleihen. Unser Team sorgt daf\u00fcr, dass jede Fl\u00e4che perfekt verarbeitet wird und h\u00f6chsten Anspr\u00fcchen. Stein Mit hochwertigem Stein gestalten wir robuste und stilvolle Oberfl\u00e4chen. Jedes Projekt wird mit [&hellip;]<\/p>\n","protected":false},"author":3,"featured_media":0,"parent":0,"menu_order":0,"comment_status":"closed","ping_status":"closed","template":"","meta":{"footnotes":""},"class_list":["post-719","page","type-page","status-publish","hentry"],"yoast_head":"<!-- This site is optimized with the Yoast SEO plugin v26.1.1 - https:\/\/yoast.com\/wordpress\/plugins\/seo\/ -->\n<title>Leistungen - Buli Meisterfliesenleger<\/title>\n<meta name=\"robots\" content=\"index, follow, max-snippet:-1, max-image-preview:large, max-video-preview:-1\" \/>\n<link rel=\"canonical\" href=\"https:\/\/buli-fliesenleger.at\/index.php\/leistungen\/\" \/>\n<meta property=\"og:locale\" content=\"en_US\" \/>\n<meta property=\"og:type\" content=\"article\" \/>\n<meta property=\"og:title\" content=\"Leistungen - Buli Meisterfliesenleger\" \/>\n<meta property=\"og:description\" content=\"Leistungen Startseite Leistungen Unsere Leistungen: Setzen Sie auf Qualit\u00e4t und Zuverl\u00e4ssigkeit \u2013 f\u00fcr Ihr Zuhause. Fliesen Wir bieten pr\u00e4zise verlegte Fliesen, die Ihrem Raum Eleganz und Langlebigkeit verleihen. Unser Team sorgt daf\u00fcr, dass jede Fl\u00e4che perfekt verarbeitet wird und h\u00f6chsten Anspr\u00fcchen. Stein Mit hochwertigem Stein gestalten wir robuste und stilvolle Oberfl\u00e4chen. Jedes Projekt wird mit [&hellip;]\" \/>\n<meta property=\"og:url\" content=\"https:\/\/buli-fliesenleger.at\/index.php\/leistungen\/\" \/>\n<meta property=\"og:site_name\" content=\"Buli Meisterfliesenleger\" \/>\n<meta property=\"article:modified_time\" content=\"2025-10-08T11:18:02+00:00\" \/>\n<meta property=\"og:image\" content=\"https:\/\/buli-fliesenleger.at\/wp-content\/uploads\/elementor\/thumbs\/pexels-pu-ca-adryan-163345030-29504874-scaled-rcvdn39vitkh8xpc4vs6g20ptroorp1fe1pt227ago.jpg\" \/>\n<meta name=\"twitter:card\" content=\"summary_large_image\" \/>\n<meta name=\"twitter:label1\" content=\"Est. reading time\" \/>\n\t<meta name=\"twitter:data1\" content=\"1 minute\" \/>\n<script type=\"application\/ld+json\" class=\"yoast-schema-graph\">{\"@context\":\"https:\/\/schema.org\",\"@graph\":[{\"@type\":\"WebPage\",\"@id\":\"https:\/\/buli-fliesenleger.at\/index.php\/leistungen\/\",\"url\":\"https:\/\/buli-fliesenleger.at\/index.php\/leistungen\/\",\"name\":\"Leistungen - Buli Meisterfliesenleger\",\"isPartOf\":{\"@id\":\"https:\/\/buli-fliesenleger.at\/#website\"},\"primaryImageOfPage\":{\"@id\":\"https:\/\/buli-fliesenleger.at\/index.php\/leistungen\/#primaryimage\"},\"image\":{\"@id\":\"https:\/\/buli-fliesenleger.at\/index.php\/leistungen\/#primaryimage\"},\"thumbnailUrl\":\"https:\/\/buli-fliesenleger.at\/wp-content\/uploads\/elementor\/thumbs\/pexels-pu-ca-adryan-163345030-29504874-scaled-rcvdn39vitkh8xpc4vs6g20ptroorp1fe1pt227ago.jpg\",\"datePublished\":\"2023-07-17T20:27:41+00:00\",\"dateModified\":\"2025-10-08T11:18:02+00:00\",\"breadcrumb\":{\"@id\":\"https:\/\/buli-fliesenleger.at\/index.php\/leistungen\/#breadcrumb\"},\"inLanguage\":\"en-US\",\"potentialAction\":[{\"@type\":\"ReadAction\",\"target\":[\"https:\/\/buli-fliesenleger.at\/index.php\/leistungen\/\"]}]},{\"@type\":\"ImageObject\",\"inLanguage\":\"en-US\",\"@id\":\"https:\/\/buli-fliesenleger.at\/index.php\/leistungen\/#primaryimage\",\"url\":\"https:\/\/buli-fliesenleger.at\/wp-content\/uploads\/elementor\/thumbs\/pexels-pu-ca-adryan-163345030-29504874-scaled-rcvdn39vitkh8xpc4vs6g20ptroorp1fe1pt227ago.jpg\",\"contentUrl\":\"https:\/\/buli-fliesenleger.at\/wp-content\/uploads\/elementor\/thumbs\/pexels-pu-ca-adryan-163345030-29504874-scaled-rcvdn39vitkh8xpc4vs6g20ptroorp1fe1pt227ago.jpg\"},{\"@type\":\"BreadcrumbList\",\"@id\":\"https:\/\/buli-fliesenleger.at\/index.php\/leistungen\/#breadcrumb\",\"itemListElement\":[{\"@type\":\"ListItem\",\"position\":1,\"name\":\"Home\",\"item\":\"https:\/\/buli-fliesenleger.at\/\"},{\"@type\":\"ListItem\",\"position\":2,\"name\":\"Leistungen\"}]},{\"@type\":\"WebSite\",\"@id\":\"https:\/\/buli-fliesenleger.at\/#website\",\"url\":\"https:\/\/buli-fliesenleger.at\/\",\"name\":\"Buli Meisterfliesenleger\",\"description\":\"\",\"publisher\":{\"@id\":\"https:\/\/buli-fliesenleger.at\/#organization\"},\"potentialAction\":[{\"@type\":\"SearchAction\",\"target\":{\"@type\":\"EntryPoint\",\"urlTemplate\":\"https:\/\/buli-fliesenleger.at\/?s={search_term_string}\"},\"query-input\":{\"@type\":\"PropertyValueSpecification\",\"valueRequired\":true,\"valueName\":\"search_term_string\"}}],\"inLanguage\":\"en-US\"},{\"@type\":\"Organization\",\"@id\":\"https:\/\/buli-fliesenleger.at\/#organization\",\"name\":\"Buli Meisterfliesenleger\",\"url\":\"https:\/\/buli-fliesenleger.at\/\",\"logo\":{\"@type\":\"ImageObject\",\"inLanguage\":\"en-US\",\"@id\":\"https:\/\/buli-fliesenleger.at\/#\/schema\/logo\/image\/\",\"url\":\"https:\/\/buli-fliesenleger.at\/wp-content\/uploads\/2023\/07\/cropped-cropped-cropped-buli-logo.jpeg\",\"contentUrl\":\"https:\/\/buli-fliesenleger.at\/wp-content\/uploads\/2023\/07\/cropped-cropped-cropped-buli-logo.jpeg\",\"width\":512,\"height\":223,\"caption\":\"Buli Meisterfliesenleger\"},\"image\":{\"@id\":\"https:\/\/buli-fliesenleger.at\/#\/schema\/logo\/image\/\"}}]}<\/script>\n<!-- \/ Yoast SEO plugin. -->","yoast_head_json":{"title":"Leistungen - Buli Meisterfliesenleger","robots":{"index":"index","follow":"follow","max-snippet":"max-snippet:-1","max-image-preview":"max-image-preview:large","max-video-preview":"max-video-preview:-1"},"canonical":"https:\/\/buli-fliesenleger.at\/index.php\/leistungen\/","og_locale":"en_US","og_type":"article","og_title":"Leistungen - Buli Meisterfliesenleger","og_description":"Leistungen Startseite Leistungen Unsere Leistungen: Setzen Sie auf Qualit\u00e4t und Zuverl\u00e4ssigkeit \u2013 f\u00fcr Ihr Zuhause. Fliesen Wir bieten pr\u00e4zise verlegte Fliesen, die Ihrem Raum Eleganz und Langlebigkeit verleihen. Unser Team sorgt daf\u00fcr, dass jede Fl\u00e4che perfekt verarbeitet wird und h\u00f6chsten Anspr\u00fcchen. Stein Mit hochwertigem Stein gestalten wir robuste und stilvolle Oberfl\u00e4chen. Jedes Projekt wird mit [&hellip;]","og_url":"https:\/\/buli-fliesenleger.at\/index.php\/leistungen\/","og_site_name":"Buli Meisterfliesenleger","article_modified_time":"2025-10-08T11:18:02+00:00","og_image":[{"url":"https:\/\/buli-fliesenleger.at\/wp-content\/uploads\/elementor\/thumbs\/pexels-pu-ca-adryan-163345030-29504874-scaled-rcvdn39vitkh8xpc4vs6g20ptroorp1fe1pt227ago.jpg","type":"","width":"","height":""}],"twitter_card":"summary_large_image","twitter_misc":{"Est. reading time":"1 minute"},"schema":{"@context":"https:\/\/schema.org","@graph":[{"@type":"WebPage","@id":"https:\/\/buli-fliesenleger.at\/index.php\/leistungen\/","url":"https:\/\/buli-fliesenleger.at\/index.php\/leistungen\/","name":"Leistungen - Buli Meisterfliesenleger","isPartOf":{"@id":"https:\/\/buli-fliesenleger.at\/#website"},"primaryImageOfPage":{"@id":"https:\/\/buli-fliesenleger.at\/index.php\/leistungen\/#primaryimage"},"image":{"@id":"https:\/\/buli-fliesenleger.at\/index.php\/leistungen\/#primaryimage"},"thumbnailUrl":"https:\/\/buli-fliesenleger.at\/wp-content\/uploads\/elementor\/thumbs\/pexels-pu-ca-adryan-163345030-29504874-scaled-rcvdn39vitkh8xpc4vs6g20ptroorp1fe1pt227ago.jpg","datePublished":"2023-07-17T20:27:41+00:00","dateModified":"2025-10-08T11:18:02+00:00","breadcrumb":{"@id":"https:\/\/buli-fliesenleger.at\/index.php\/leistungen\/#breadcrumb"},"inLanguage":"en-US","potentialAction":[{"@type":"ReadAction","target":["https:\/\/buli-fliesenleger.at\/index.php\/leistungen\/"]}]},{"@type":"ImageObject","inLanguage":"en-US","@id":"https:\/\/buli-fliesenleger.at\/index.php\/leistungen\/#primaryimage","url":"https:\/\/buli-fliesenleger.at\/wp-content\/uploads\/elementor\/thumbs\/pexels-pu-ca-adryan-163345030-29504874-scaled-rcvdn39vitkh8xpc4vs6g20ptroorp1fe1pt227ago.jpg","contentUrl":"https:\/\/buli-fliesenleger.at\/wp-content\/uploads\/elementor\/thumbs\/pexels-pu-ca-adryan-163345030-29504874-scaled-rcvdn39vitkh8xpc4vs6g20ptroorp1fe1pt227ago.jpg"},{"@type":"BreadcrumbList","@id":"https:\/\/buli-fliesenleger.at\/index.php\/leistungen\/#breadcrumb","itemListElement":[{"@type":"ListItem","position":1,"name":"Home","item":"https:\/\/buli-fliesenleger.at\/"},{"@type":"ListItem","position":2,"name":"Leistungen"}]},{"@type":"WebSite","@id":"https:\/\/buli-fliesenleger.at\/#website","url":"https:\/\/buli-fliesenleger.at\/","name":"Buli Meisterfliesenleger","description":"","publisher":{"@id":"https:\/\/buli-fliesenleger.at\/#organization"},"potentialAction":[{"@type":"SearchAction","target":{"@type":"EntryPoint","urlTemplate":"https:\/\/buli-fliesenleger.at\/?s={search_term_string}"},"query-input":{"@type":"PropertyValueSpecification","valueRequired":true,"valueName":"search_term_string"}}],"inLanguage":"en-US"},{"@type":"Organization","@id":"https:\/\/buli-fliesenleger.at\/#organization","name":"Buli Meisterfliesenleger","url":"https:\/\/buli-fliesenleger.at\/","logo":{"@type":"ImageObject","inLanguage":"en-US","@id":"https:\/\/buli-fliesenleger.at\/#\/schema\/logo\/image\/","url":"https:\/\/buli-fliesenleger.at\/wp-content\/uploads\/2023\/07\/cropped-cropped-cropped-buli-logo.jpeg","contentUrl":"https:\/\/buli-fliesenleger.at\/wp-content\/uploads\/2023\/07\/cropped-cropped-cropped-buli-logo.jpeg","width":512,"height":223,"caption":"Buli Meisterfliesenleger"},"image":{"@id":"https:\/\/buli-fliesenleger.at\/#\/schema\/logo\/image\/"}}]}},"_hostinger_reach_plugin_has_subscription_block":false,"_hostinger_reach_plugin_is_elementor":false,"_links":{"self":[{"href":"https:\/\/buli-fliesenleger.at\/index.php\/wp-json\/wp\/v2\/pages\/719","targetHints":{"allow":["GET"]}}],"collection":[{"href":"https:\/\/buli-fliesenleger.at\/index.php\/wp-json\/wp\/v2\/pages"}],"about":[{"href":"https:\/\/buli-fliesenleger.at\/index.php\/wp-json\/wp\/v2\/types\/page"}],"author":[{"embeddable":true,"href":"https:\/\/buli-fliesenleger.at\/index.php\/wp-json\/wp\/v2\/users\/3"}],"replies":[{"embeddable":true,"href":"https:\/\/buli-fliesenleger.at\/index.php\/wp-json\/wp\/v2\/comments?post=719"}],"version-history":[{"count":90,"href":"https:\/\/buli-fliesenleger.at\/index.php\/wp-json\/wp\/v2\/pages\/719\/revisions"}],"predecessor-version":[{"id":2420,"href":"https:\/\/buli-fliesenleger.at\/index.php\/wp-json\/wp\/v2\/pages\/719\/revisions\/2420"}],"wp:attachment":[{"href":"https:\/\/buli-fliesenleger.at\/index.php\/wp-json\/wp\/v2\/media?parent=719"}],"curies":[{"name":"wp","href":"https:\/\/api.w.org\/{rel}","templated":true}]}}